= -a**2 - 1248*a - 374004. What is k(-500)?
-4
Let h(w) = -w**3 + 321*w**2 - 25758*w - 306. What is h(160)?
14
Let w(f) = 2*f**3 - 178*f**2 + 186*f - 886. What is w(88)?
-6
Let c(i) = -i**3 + 3*i**2 + 543*i + 2970. Determine c(-18).
0
Let y(j) = -2*j**2 - 1576*j + 55895. What is y(34)?
-1
Let x(i) = -3*i**3 + 90*i**2 + 142*i + 1458. Determine x(32).
-142
Let d(m) = -541*m - 48053. Calculate d(-89).
96
Let r(u) = 346*u**2 + 202755*u - 628. Give r(-586).
-42
Let g(o) = 15*o**2 - 747*o - 5. What is g(50)?
145
Let w(s) = 578*s + 29872. What is w(-52)?
-184
Let b(g) = -2*g**3 - 256*g**2 - 6176*g - 353. Determine b(-32).
671
Let c(a) = -1173*a - 1813465. Calculate c(-1546).
-7
Let k(n) = -5*n**3 - 9*n**2 - 99*n - 366. Give k(-4).
206
Let r(c) = 3*c**2 - 273*c - 1751. Calculate r(-7).
307
Let o(p) = -5*p**2 + 427*p + 298. Determine o(86).
40
Let z(m) = -8*m**2 + 2949*m - 211647. Determine z(271).
4
Let f(d) = 227476*d - 1137379. Calculate f(5).
1
Let s(y) = -20*y**2 + 55*y - 277. Determine s(8).
-1117
Let b(k) = -k**3 - 92*k**2 + 1812*k - 32. What is b(16)?
1312
Let p(j) = 290*j + 228. Determine p(-3).
-642
Let v(h) = 8*h**3 - 92*h**2 - 56*h + 115. What is v(12)?
19
Let w(p) = 2*p**3 + 15*p**2 - 411*p + 22. Calculate w(11).
-22
Let j(c) = -32452*c + 17102208. Determine j(527).
4
Let s(h) = 178*h**2 - 5874*h - 53. What is s(33)?
-53
Let s(b) = -611*b**2 - 3213*b - 37. Determine s(-5).
753
Let t(v) = -4835163*v - 9670321. Give t(-2).
5
Let p(h) = 28*h**3 + 8*h**2 + 36*h + 77. Determine p(-3).
-715
Let k(l) = 91353*l - 182777. What is k(2)?
-71
Let u(n) = n**3 + 21*n**2 + 62*n + 459. Give u(-19).
3
Let u(j) = 1450*j + 11843. Determine u(-8).
243
Let d(j) = 8*j**3 + 218*j**2 + 49*j - 79. Calculate d(-27).
56
Let z(h) = 2*h**3 + 34*h**2 - 81*h + 12. Give z(-19).
107
Let f(k) = -72594*k**2 + 1887444*k - 10. What is f(26)?
-10
Let k(y) = -23*y**2 - 234*y + 1656. Calculate k(7).
-1109
Let a(g) = g**2 + 280279*g + 26. Calculate a(0).
26
Let c(n) = n**3 - 14*n**2 + 78*n - 264. What is c(11)?
231
Let p(j) = j**3 + 98*j**2 - 88*j - 18000. Calculate p(-97).
-55
Let y(c) = -635*c + 387333. Calculate y(610).
-17
Let b(q) = q**2 + 298*q + 20871. Determine b(-115).
-174
Let c(m) = -653*m - 76822. What is c(-118)?
232
Let c(g) = -3*g**3 - 112*g**2 + 258*g - 2478. Give c(-40).
2
Let w(q) = 141572*q - 7503433. Determine w(53).
-117
Let i(m) = -5*m**2 + 1840*m + 1832. Determine i(369).
-13
Let f(x) = 29*x**3 + 783*x**2 + 15*x + 384. Give f(-27).
-21
Let i(b) = 5*b**3 - 1188*b**2 - 424*b - 12351. Determine i(238).
25
Let w(c) = 4*c**3 - 16*c**2 + 20*c - 70. Give w(5).
130
Let b(x) = 1319*x + 3885. Calculate b(-3).
-72
Let s(r) = 11*r**3 + 13*r**2 + 7*r + 8. What is s(0)?
8
Let l(h) = 1940*h - 70490. Give l(36).
-650
Let w(u) = 3*u**3 + 40*u**2 + 63*u - 32. Give w(-9).
454
Let w(d) = -7*d**3 + 201*d**2 - 720*d + 122. Determine w(4).
10
Let i(z) = z**3 + 38*z**2 - 252*z + 605. Calculate i(-44).
77
Let v(u) = 3*u**3 + 114*u**2 + 397*u - 359. Determine v(-34).
15
Let g(y) = 2810*y - 342942. Give g(122).
-122
Let q(b) = 6*b**3 + 113*b**2 - 1327*b - 85. What is q(-27)?
23
Let y(j) = -5886*j - 205982. What is y(-35)?
28
Let l(u) = 93*u**2 - 806*u + 496. Give l(8).
0
Let v(g) = 2571*g**2 - 25712*g + 13. Calculate v(10).
-7
Let y(b) = 5*b**2 - 697*b - 863. Calculate y(140).
-443
Let a(u) = u**3 - 49*u**2 - 821*u + 1017. Determine a(62).
87
Let l(s) = -s**3 + 173*s**2 - 504*s - 853. Determine l(170).
167
Let m(u) = -4*u**3 + 22*u**2 + 78*u + 13. What is m(4)?
421
Let f(a) = 227*a - 684. Calculate f(4).
224
Let c(m) = m**3 + 78*m**2 + 1513*m + 278. Calculate c(-35).
-2
Let j(f) = -76736*f + 4297235. What is j(56)?
19
Let j(d) = 19*d**2 + 1648*d - 9209. What is j(-92)?
-9
Let u(s) = -80*s**2 + 8710*s + 1156. Determine u(109).
66
Let a(o) = -o**2 + 93*o - 1249. Give a(19).
157
Let q(u) = 319*u**2 - 2235*u + 372. Give q(7).
358
Let g(v) = v**3 - 1772*v**2 + 8805*v + 162. What is g(5)?
12
Let g(k) = -12*k**3 - 95*k**2 - 61*k + 111. Give g(-7).
-1
Let k(n) = n**3 + 160*n**2 - 4411*n - 155. Calculate k(24).
-35
Let b(x) = 8*x**3 - 4007*x**2 - 502*x + 497. Determine b(501).
-4
Let f(a) = 255*a - 17853. Calculate f(71).
252
Let s(t) = 3*t**2 - 194*t + 374. Give s(2).
-2
Let h(y) = 5*y**2 - 184172*y + 1104854. Calculate h(6).
2
Let c(z) = 2044*z + 11459. Determine c(-6).
-805
Let a(j) = -8*j**3 + 2341*j**2 + 10396*j - 294. What is a(297)?
3
Let p(i) = -969844*i + 3879409. Give p(4).
33
Let b(m) = -m**3 + 36*m**2 - 254*m - 352. Calculate b(15).
563
Let t(q) = -9714*q + 1087967. Calculate t(112).
-1
Let j(i) = 2*i**2 + 20*i - 181. Calculate j(-16).
11
Let m(j) = 479*j**2 + 742*j + 744. Give m(-1).
481
Let g(u) = -940*u + 34891. Determine g(37).
111
Let t(w) = 2*w**2 - 67293*w + 2822788. What is t(42)?
10
Let c(x) = -x**2 - 13361*x + 254218. What is c(19)?
-2
Let w(c) = 67*c**2 - 4192*c - 6190. Give w(64).
-46
Let y(x) = x**2 + 43*x - 891. Calculate y(-55).
-231
Let o(n) = 5*n**3 + 69*n**2 + 126*n - 323. What is o(-11)?
-15
Let k(x) = -3*x**3 - 516*x**2 - 1066*x - 94537. Determine k(-171).
26
Let f(a) = -152*a - 2461. Calculate f(-19).
427
Let c(q) = -70352*q - 492412. Give c(-7).
52
Let q(l) = 7*l**3 - 107*l**2 + 131*l - 11. Determine q(14).
59
Let c(r) = 11656*r + 12378686. Calculate c(-1062).
14
Let w(g) = -g**3 + 146*g**2 + 593*g - 21741. Calculate w(149).
13
Let u(p) = p**2 - 20544*p - 5261644. Calculate u(-253).
-3
Let w(t) = 780*t + 67055. Calculate w(-86).
-25
Let u(j) = 6*j**3 - 835*j + 1672. Give u(2).
50
Let y(w) = -4*w**2 + 1047*w + 60854. Give y(-49).
-53
Let w(v) = 15560*v + 73419. What is w(-5)?
-4381
Let d(u) = -78*u**3 - 11*u**2 + 1009*u + 1021. Determine d(-1).
79
Let k(d) = d**3 + 77*d**2 - 618*d - 9945. Give k(-83).
15
Let o(q) = 8408*q + 411998. Calculate o(-49).
6
Let u(x) = -x**3 - 500*x**2 - 35929*x + 802. Give u(-413).
-24
Let b(c) = -5*c**3 + 112*c**2 - 126*c - 101. Determine b(21).
340
Let b(o) = 13020*o - 4517936. Calculate b(347).
4
Let o(x) = -12*x**3 + 1378*x**2 + 233*x - 70. What is o(115)?
275
Let r(u) = 381*u**2 - 11964*u - 7299. What is r(32)?
-3
Let x(n) = -250791*n - 9530074. What is x(-38)?
-16
Let b(i) = -19274938*i + 134924569. Calculate b(7).
3
Let c(v) = -4989*v**2 - 29939*v + 30. Determine c(-6).
60
Let y(w) = -5*w**2 - 42*w + 253. Give y(0).
253
Let n(o) = 7697*o - 900518. What is n(117)?
31
Let v(h) = -4618*h + 27674. Determine v(6).
-34
Let j(l) = -2*l**3 + 408*l**2 + 10439*l + 375. What is j(227)?
-306
Let s(f) = 6625*f - 34958. What is s(5)?
-1833
Let n(x) = -x**2 - 203*x - 3498. What is n(-18)?
-168
Let w(l) = -228*l**3 + 2*l**2 + 20*l + 18. Determine w(-1).
228
Let d(g) = -g**3 - 308*g**2 + 476*g + 51430. Calculate d(-309).
-173
Let j(l) = 3*l**3 + 373*l**2 - 1806*l - 55. Give j(-129).
-55
Let t(m) = -m**2 + 241*m + 1837. Give t(-7).
101
Let i(o) = -12*o**2 - 725*o - 337. Calculate i(-60).
-37
Let n(p) = 140560*p + 983916. Calculate n(-7).
-4
Let l(u) = -1633*u - 14271. Give l(-7).
-2840
Let b(t) = 428*t**2 - 2813*t - 19. Give b(6).
-1489
Let s(o) = -4*o**3 + 11*o**2 + 1168*o - 1216. Calculate s(18).
44
Let i(r) = 3993*r + 27973. What is i(-7)?
22
Let q(d) = -7*d**3 + 252*d**2 - 2571*d + 92539. Determine q(36).
-17
Let h(f) = 16*f**2 - 285*f + 1282. Calculate h(9).
13
Let h(s) = -s**3 - 137*s**2 - 3565*s + 52. What is h(-102)?
-458
Let l(k) = -k**2 - 2436*k - 483509. Determine l(-218).
15
Let q(a) = a**2 + 2587*a - 31207. What is q(12)?
-19
Let b(f) = -12*f**3 + 222*f**2 - 30*f + 52. Determine b(20).
-7748
Let l(g) = 95*g**2 + 27360*g - 10. Give l(-288).
-10
Let c(p) = -357*p - 5108. Give c(-15).
247
Let f(n) = n**2 + 440*n - 17142. Give f(36).
-6
Let n(q) = 61539*q + 32123354. What is n(-522)?
-4
Let a(c) = 5913*c + 17483. What is a(-3)?
-256
Let v(t) = 2*t**3 - 3*t**2 + 25*t - 60. Calculate v(-7).
-1068
Let v(w) = -264*w**2 - 2977*w + 439. What is v(-11)?
1242
Let q(f) = -112*f**2 + 1057*f + 2100. Give q(-2).
-462
Let u(y) = -4*y**2 - 348*y - 6337. What is u(-26)?
7
Let q(d) = -1449684*d + 5798754. Calculate q(4).
18
Let t(m) = -4*m**3 + 24*m**2 - 43*m + 1347. What is t(9)?
-12
Let f(t) = -496*t**2 + 1021*t - 518. What is f(1)?
7
Let p(g) = -150*g - 4137. Calculate p(-28).
63
Let x(m) = 2*m**2 + 2191*m - 527192. Give x(203).
-1
Let m(v) =